 679*o - 6. Determine i(-56).
-398
Let r(i) = -29*i + 2405. Give r(84).
-31
Let c(l) = 14*l + 231. What is c(9)?
357
Let y(v) = 3*v**3 + 20*v**2 + 11*v. Give y(-6).
6
Let o(c) = -17*c - 1591. What is o(-84)?
-163
Let f(p) = -24704*p + 197637. Give f(8).
5
Let c(n) = -13*n + 184. Calculate c(-20).
444
Let g(h) = -650*h + 7206. Calculate g(11).
56
Let s(w) = -w**2 - 97*w + 3970. Determine s(31).
2
Let f(v) = -4*v**2 + 35*v + 166. Determine f(-6).
-188
Let i(s) = s**2 - 7*s - 209. Determine i(17).
-39
Let k(h) = -2*h**2 - 124*h + 243. Calculate k(2).
-13
Let o(d) = 6*d**3 + 242*d**2 + 81*d + 31. Give o(-40).
-9
Let q(l) = -1073*l - 9736. What is q(-9)?
-79
Let g(o) = o**3 - 3*o**2 + 1789*o - 1787. What is g(1)?
0
Let u(p) = -p**3 - 16*p**2 - 30*p + 85. Give u(-13).
-32
Let g(b) = 83*b + 11946. Calculate g(-144).
-6
Let w(d) = -3*d**3 - 36*d**2 - 11*d - 11. Give w(-12).
121
Let c(o) = 11*o**2 - 1529*o - 2. Give c(139).
-2
Let o(a) = a**2 - 177*a - 3722. What is o(-19)?
2
Let z(a) = -a**3 + 18*a**2 - 49*a + 13. What is z(13)?
221
Let p(j) = -116*j - 792. Calculate p(-7).
20
Let i(a) = 2*a**2 - 138*a + 867. Give i(7).
-1
Let x(l) = -10*l**3 - 147*l**2 - 20*l + 37. Determine x(-15).
1012
Let p(k) = -2*k**2 + 57*k + 3773. Give p(60).
-7
Let k(s) = 713*s + 12095. Calculate k(-17).
-26
Let h(f) = f**2 + 109*f + 1985. Determine h(-86).
7
Let v(b) = 34*b - 83. Calculate v(0).
-83
Let h(z) = 2*z**2 - 123*z - 33085. Calculate h(163).
4
Let p(v) = 824*v + 32155. What is p(-39)?
19
Let d(y) = -6*y**3 - 27*y**2 + 55*y + 7. Give d(2).
-39
Let g(h) = 10*h**2 + 9*h + 6. Give g(5).
301
Let o(u) = u**3 + 9*u**2 - 9*u - 24. What is o(-9)?
57
Let o(x) = x**3 - 53*x**2 + 121*x - 3583. What is o(52)?
5
Let f(k) = 15*k**2 + 173*k - 107. What is f(-14)?
411
Let f(q) = -q**3 + 10*q**2 - 7*q + 40. Determine f(10).
-30
Let x(r) = -2*r**2 - 28*r + 9. Calculate x(-9).
99
Let k(h) = 6*h**2 + 217*h - 62. Give k(-36).
-98
Let i(o) = -8*o**2 + 320. Calculate i(0).
320
Let l(f) = -2*f**2 + 94*f - 834. Give l(12).
6
Let y(u) = 9*u**3 + 409*u**2 + 173*u - 311. Give y(-45).
4
Let v(n) = -n**3 + 37*n**2 + 309*n + 8. Determine v(-7).
1
Let l(m) = 2*m**2 - 108*m + 1347. Calculate l(20).
-13
Let n(t) = -t**2 + 42*t + 358. Calculate n(-9).
-101
Let n(q) = -q**3 + 11*q**2 - q - 18. What is n(0)?
-18
Let j(q) = -122*q - 648. Give j(-6).
84
Let u(z) = -z**2 - 70*z + 715. Determine u(9).
4
Let u(w) = 6*w**2 + 210*w + 374. What is u(-33)?
-22
Let q(c) = 184*c + 639. Give q(-2).
271
Let m(p) = 1465*p + 4347. Calculate m(-3).
-48
Let u(f) = 6*f**2 + 464*f + 181. Give u(-77).
27
Let i(q) = -2*q**2 - 5*q + 169. Determine i(8).
1
Let z(i) = -i**3 - 6*i**2 + 17*i + 58. Determine z(-2).
8
Let v(n) = -78*n + 7251. Calculate v(93).
-3
Let p(h) = 10*h**3 + h**2 - 3*h - 4. Calculate p(-1).
-10
Let m(z) = -2*z**3 + 36*z**2 + 41*z + 27. What is m(19)?
84
Let p(z) = 6618*z + 6620. What is p(-1)?
2
Let c(b) = 28334*b + 56672. What is c(-2)?
4
Let m(n) = 3*n - 38. Calculate m(-7).
-59
Let t(v) = 115*v + 339. Determine t(0).
339
Let p(x) = 2*x**3 + 7*x**2 - 9*x - 52. What is p(-3)?
-16
Let w(o) = -o**2 + 9*o + 593. What is w(-20)?
13
Let z(b) = -b**2 + 124*b - 704. Give z(6).
4
Let d(i) = -2*i**3 - 25*i**2 + 107*i - 59. What is d(-16)?
21
Let p(f) = -152*f - 792. Give p(-5).
-32
Let i(m) = m**3 - 9*m**2 + 33*m - 130. Determine i(7).
3
Let v(j) = -j**3 + 290*j**2 - 554*j - 45. What is v(2)?
-1
Let j(r) = -343*r - 2650. Give j(-8).
94
Let a(w) = w**3 + 66*w**2 - 98*w - 2092. What is a(-67)?
-15
Let c(a) = -2*a**3 - 20*a**2 + 10*a + 329. Give c(-8).
-7
Let o(m) = 2*m**2 - 183*m - 55. Calculate o(91).
-146
Let a(l) = l**2 - 7*l + 7. Give a(2).
-3
Let s(k) = -2*k**2 + 4*k + 30. Calculate s(5).
0
Let h(u) = u - 140. Give h(-19).
-159
Let a(h) = -3*h**2 - 25*h - 50. What is a(-5)?
0
Let x(a) = -281*a - 10688. What is x(-38)?
-10
Let d(x) = 6*x**2 - 69*x + 39. Give d(12).
75
Let z(j) = -1914*j + 1935. Determine z(1).
21
Let l(f) = -2*f + 56. Give l(31).
-6
Let l(t) = -126*t**3 + 254*t**2 - t + 1. What is l(2)?
7
Let h(v) = -63*v**2 - 762*v + 12. Determine h(-12).
84
Let x(p) = p**2 - 11231*p - 56183. Give x(-5).
-3
Let u(j) = j**2 + 15*j - 2. Give u(-16).
14
Let p(h) = 6*h**2 + 161*h + 906. Calculate p(-8).
2
Let k(t) = t**2 - 305*t + 14134. Give k(57).
-2
Let c(d) = -25*d - 265. What is c(-10)?
-15
Let c(m) = -m**3 - 55*m**2 - 48*m - 152. Determine c(-54).
-476
Let a(m) = -m**3 + m**2 - 13*m + 46. Give a(3).
-11
Let i(l) = 25*l**2 + 46*l - 1. Determine i(-2).
7
Let x(i) = -8*i**3 - 9*i**2 + 37*i - 31. Give x(2).
-57
Let p(q) = -q**3 + 23*q**2 + 35*q + 444. Determine p(25).
69
Let h(n) = -27*n + 31. Give h(3).
-50
Let n(l) = -222*l + 2004. Calculate n(9).
6
Let z(q) = -16*q + 66. Give z(3).
18
Let l(h) = -1541*h + 21573. Give l(14).
-1
Let z(v) = 3*v**2 - 67*v - 198. Determine z(25).
2
Let j(n) = -n**3 - 32*n**2 + 29*n - 12. What is j(-33)?
120
Let g(k) = k**2 - 55*k + 749. What is g(27)?
-7
Let p(j) = -2*j**2 - 36*j - 159. What is p(-9)?
3
Let i(w) = w**2 + 18*w - 232. What is i(-25)?
-57
Let n(g) = 3*g + 11. Calculate n(-11).
-22
Let u(p) = p**2 - 47*p + 298. Calculate u(43).
126
Let l(v) = 10*v - 94. Determine l(-11).
-204
Let w(l) = -47*l**2 - 75*l + 223. Give w(3).
-425
Let a(r) = -38*r**2 - 73*r + 19. Give a(-2).
13
Let s(n) = -44*n + 587. Calculate s(14).
-29
Let w(u) = -8*u + 556. What is w(69)?
4
Let m(w) = w**2 + 110*w + 1437. Give m(-15).
12
Let h(v) = -18*v**2 + 13*v - 1. What is h(1)?
-6
Let y(r) = 200*r**3 - 7*r**2 - 6*r. Calculate y(-1).
-201
Let d(k) = 7*k**2 - 265*k + 2349. Calculate d(14).
11
Let n(y) = 1284*y + 6499. Give n(-5).
79
Let f(d) = -d**3 + 25*d**2 - 42*d + 104. Determine f(20).
1264
Let j(m) = m**3 - 35*m**2 - 91*m + 1983. What is j(36)?
3
Let l(n) = -n**2 + 598*n - 2964. Give l(5).
1
Let x(s) = -s**3 - 7*s**2 + 70*s + 474. Determine x(-9).
6
Let k(z) = -205*z + 141. Give k(0).
141
Let w(b) = -2*b**3 - 11*b**2 - b + 14. Give w(-5).
-6
Let m(b) = -b**3 - 38*b**2 + 32*b + 77. Calculate m(-39).
350
Let n(x) = x**3 - 44*x**2 + 115*x - 1295. Calculate n(42).
7
Let h(g) = -763*g - 17434. Determine h(-23).
115
Let p(f) = -5*f**2 - 54*f - 87. What is p(-9)?
-6
Let j(h) = 86*h - 7832. Give j(90).
-92
Let y(l) = l**2 + 51*l + 394. What is y(-10)?
-16
Let o(g) = g + 90. Determine o(35).
125
Let d(q) = q**3 - 58*q**2 - 462*q + 388. Give d(65).
-67
Let o(b) = -29*b**2 - 39*b + 42. Give o(1).
-26
Let t(d) = -45*d + 430. Calculate t(16).
-290
Let q(w) = -w**3 - 7*w**2 - 22*w - 89. What is q(-6)?
7
Let c(j) = 84*j**2 + j + 3. Determine c(-2).
337
Let j(h) = -h**2 - h + 140. Calculate j(-11).
30
Let l(x) = x**3 - 31*x**2 + 19*x - 489. Give l(31).
100
Let v(l) = 10*l**3 - 4*l + 3. Give v(2).
75
Let v(q) = q**3 - 39*q**2 + 116*q - 2959. Calculate v(38).
5
Let v(q) = 52*q - 342. Calculate v(6).
-30
Let i(x) = x**3 - x**2 + 1841*x + 9349. Calculate i(-5).
-6
Let h(z) = -z - 50. Give h(40).
-90
Let j(b) = -18452*b + 36902. Determine j(2).
-2
Let l(g) = g**3 - 18*g**2 + 30*g - 205. Give l(17).
16
Let s(b) = -12*b + 19. Determine s(10).
-101
Let p(k) = k**2 - 59*k + 440. Determine p(8).
32
Let g(u) = -52*u**3 + 4*u**2 + 2*u - 1. Give g(-1).
53
Let m(n) = 215*n + 1399. Calculate m(-10).
-751
Let h(k) = 38*k**2 - 41*k + 39. Give h(1).
36
Let q(i) = -i**2 + 950*i - 4723. Give q(5).
2
Let a(g) = -g**2 + 18*g + 9. What is a(24)?
-135
Let q(o) = -30*o - 439. What is q(-16)?
41
Let o(g) = g**2 + 65*g + 880. What is o(-15)?
130
Let u(o) = -o**2 - 65*o - 359. Determine u(-7).
47
Let n(l) = l**2 + 35*l + 287. Give n(-20).
-13
Let p(x) = x**2 + 27*x - 416. Determine p(-38).
2
Let t(i) = -78*i**2 - 319*i - 28. Calculate t(-4).
0
Let g(i) = -828*i + 33144. What is g(40)?
24
Let h(d) = d**2 - 24*d - 735. Give h(-18).
21
Let d(i) = 40*i + 611. What is d(-14)?
51
Let i(n) = 700*n + 19600. Calculate i(-28).
0
Let w(t) = 19*t**2 + 1164*t + 299. What is w(-61)?
-6
Let l(s) = -s**3 + 67*s**2 + 65*s - 147. Give l(68).
-351
Let w(a) = a**2 - 7*a + 9. What is w(6)?
3
Let x(p) = p**3 - 9*p**2 - 18*p + 69. What is x(8)?
-139
Let b(t) = 990*t - 10864. Determine b(11).
26
Let j(z) = -4*z**2 + 63*z + 753. Determine j(-8).
-7
Let n(u) = -153*u**3 + 2*u**2 - 4*u - 5. Give n(-1).
154
Let m(y) = -273*y - 24293. Determine m(-89).
4
Let k(n